0, -h = f - 33. Let b be 4395/f - 6/(-14). Calculate the highest common factor of b and 56.
14
Let c be (-428)/(-5) - (-26)/65. Suppose -169*i = -184*i + 30. Calculate the greatest common factor of c and i.
2
Suppose 5*r + 18*u - 2205 = 16*u, -3*r + 2*u = -1323. What is the highest common divisor of r and 504?
63
Let v(m) = -48*m + 3. Let s = 12 - 13. Let q be v(s). Let u = -55 + 106. Calculate the greatest common divisor of q and u.
51
Let t = 28032 + -27906. What is the highest common factor of t and 35?
7
Suppose 0 = -f - 3*c - 19, -c = 3*f + 2*f + 39. Let r = -3 - f. Let u(m) = -m**2 - 10*m - 17. Let g be u(-7). Calculate the greatest common divisor of r and g.
4
Suppose 1 = -3*n + 13. Suppose 4*z - n = 4. Suppose -22 = -5*b - 3*d, -z*d = -b + d - 10. Calculate the highest common factor of 18 and b.
2
Suppose b = -0*m + m + 81, -2*m = -4*b + 328. Let n be ((-2)/((-6)/6))/((-2)/b). Let c = n + 97. What is the highest common factor of 14 and c?
14
Suppose -5*o - 667 = -0*o + 3*l, -400 = 3*o + 2*l. Let i = o + 150. Let b(p) = -p**2 + 40. Let k be b(0). Calculate the highest common divisor of i and k.
8
Let t = 71 - 29. Let w(c) = 4*c**2 + 30*c - 14. Let q be w(-8). Let a be (q + (-16)/5)/(102/(-8925)). Calculate the highest common factor of t and a.
21
Suppose 11*p - 12204 - 2217 = 0. What is the highest common factor of 69 and p?
69
Let u(c) = 611*c + 177. Let l be u(5). Suppose -3233*o + l*o = -6. What is the highest common factor of o and 2?
2
Suppose 89 = 2*h + g, -175 = -4*h + 3*g - 2. Let l = h - 29. Let i(n) = -170*n - 5. Let k be i(-1). Calculate the highest common factor of l and k.
15
Suppose -w + 213 = -315. Let n = -4649 + 4693. Calculate the highest common factor of w and n.
44
Let b be (4 + 13 + -6)*(2 - -2). Calculate the highest common factor of b and 110.
22
Let h = 10 - -12. Suppose -3*j = 4*u - 4*j - 24, -2*u + h = 2*j. Suppose 3*a = u*a - 24. What is the greatest common divisor of a and 9?
3
Let i = 155 + -86. Let y be 3 + (445/(-1))/(-5). What is the greatest common factor of y and i?
23
Suppose 23077 - 2329 = 133*r. What is the highest common factor of 351 and r?
39
Let k = -770 - -827. What is the greatest common divisor of 1919 and k?
19
Let p(s) = -4*s + 46. Let b be p(10). Suppose -m - 2080 = -b*m. What is the highest common divisor of 13 and m?
13
Let h(z) = -7*z + 76. Suppose 0 = d - 4*n + 21, -10*d + 15*d + 90 = 5*n. Let w be h(d). Calculate the highest common factor of w and 78.
39
Let i(a) = -19*a**2 - 14*a - 27. Let s(d) = -11*d**2 - 7*d - 14. Let t(k) = 4*i(k) - 7*s(k). Let u be t(11). What is the highest common divisor of 374 and u?
34
Let g = -366 + 210. Let l be 4/(-2) - 14/(168/g). Calculate the greatest common divisor of l and 1.
1
Suppose -102*r + 15933 = -55*r + 94*r. Calculate the greatest common factor of 4 and r.
1
Let b(h) = -25*h + 2. Let j(d) = 2*d. Let q(n) = -b(n) - 2*j(n). Let k be q(3). What is the greatest common divisor of k and 183?
61
Suppose -97*a = -104*a + 98. Suppose p - 390 = -a*p. Calculate the greatest common factor of 52 and p.
26
Suppose -8*v - 91 + 115 = 0. Calculate the greatest common divisor of 213 and v.
3
Let z be 22*((-27)/108 + (-3)/(-4)). Suppose 30 = -v + z*v. Calculate the greatest common divisor of v and 51.
3
Suppose -14 = -3*b + 13. Let q = 204 + -224. Let y be 126/35 + 12/q. What is the highest common factor of b and y?
3
Let s be (-994128)/(-745)*10/4. Calculate the greatest common factor of s and 24.
24
Suppose -67 + 27 = -o. Let c = -420 + 425. Calculate the highest common divisor of o and c.
5
Suppose 49*x = 6334 + 2290. Calculate the greatest common divisor of 33 and x.
11
Suppose 14*c = 16*c + 12, 4*s - 9516 = 2*c. What is the highest common divisor of 297 and s?
297
Let l(c) = c**2 - 60*c + 2192. Let q be l(-46). Calculate the greatest common divisor of 279 and q.
93
Let c(o) = -2*o**3 - 37*o**2 - 149*o + 14. Let j be c(-14). Calculate the greatest common factor of 18 and j.
6
Let n be -15*2/6*11/(-5). Suppose n*y - 56 = -3*y. Calculate the greatest common divisor of 6 and y.
2
Let c(q) = -5*q - 1521. Let f be c(0). Let u be (16/(-6))/2*f/26. Calculate the greatest common divisor of u and 130.
26
Suppose 10*h = -89 + 9. Let v be (4/(1*20))/(h/(-680)). What is the highest common factor of 1 and v?
1
Suppose -4*n + 3*j - 1208 = -18875, 3*n = 11*j + 13259. Calculate the greatest common divisor of n and 168.
24
Suppose 63 + 13 = 2*t. Let i = -762 - -773. Suppose i = -4*v + 87. Calculate the greatest common divisor of t and v.
19
Let q = 5767 - 5689. Calculate the greatest common factor of q and 14222.
26
Let o(y) = -13*y + 312. Let h be o(22). What is the greatest common divisor of 5 and h?
1
Let k(y) = 459*y + 4610. Let l be k(-10). Suppose 2*c + 5*o - 15 = 0, 0 = -3*c + c + 3*o + 39. Calculate the greatest common factor of l and c.
5
Suppose 3*k - 140 = 1783. Suppose 5*w - 5*l = 0, 3*w = -4*l + 18 + 3. Suppose k = w*j - 118. What is the highest common divisor of 23 and j?
23
Suppose -245520 = 3676*v - 3720*v. What is the highest common divisor of 225 and v?
45
Let u = -93 - -95. Suppose 0 = 2*v - u*f + 4*f - 6, -3*f + 9 = 4*v. Suppose 0 = -6*s - v*s + 60. What is the highest common divisor of s and 45?
5
Suppose -163*h - 4519 = -282*h + 20471. What is the highest common factor of h and 273?
21
Let g(c) = c**3 - 45*c**2 - 43*c - 121. Let k be g(46). What is the greatest common divisor of k and 15317?
17
Suppose 0 = 9*p - o - 1081, 135*o - 130*o = -p + 161. Calculate the highest common factor of p and 209.
11
Let f be (25172/(-155))/(3/(-15)). Calculate the greatest common divisor of f and 14.
14
Suppose 0 = 9*w - 429 - 3. Suppose 54*i - 594 = w*i. Calculate the highest common factor of 11 and i.
11
Suppose 2*y = -b, -3*y - 3*b - 10 = -2*y. Suppose -y*p + 50 = -8. Calculate the highest common divisor of 464 and p.
29
Let n = 286 - 336. Let r be ((-2)/3)/(1/(-183)). Let d = r + n. What is the highest common divisor of d and 8?
8
Let w be -1*(-240)/6*2. What is the highest common factor of 3560 and w?
40
Suppose 0 = -37*b + 39*b - 4. Suppose -5*c + 10 = -5*z, -9 = 3*z - 6*z - b*c. Calculate the highest common factor of z and 29.
1
Let n(u) = u**2 + 3*u + 7. Let m be n(-3). Calculate the highest common factor of 13 and m.
1
Suppose -15*q + 14*q + 14 = 0. Suppose q*r = -2*r + 1472. Calculate the greatest common divisor of r and 69.
23
Let j be 385/1*(-17)/(-17). Suppose 2*r - r = -j. Let z be -1 + r/10*-2. Calculate the greatest common factor of 4 and z.
4
Let a be (-1 + 4 + 0)/(3*4/2552). What is the greatest common divisor of 110 and a?
22
Let s be 3/4 + 234/72 + 12. Suppose 0 = -s*y - 36 + 292. What is the greatest common divisor of y and 64?
16
Let k(p) = 14*p**2 - 64*p + 545. Let c be k(7). Calculate the greatest common divisor of 540 and c.
27
Let o be ((-128)/28)/((-4)/28) - 10. Let a(v) = -v**3 + 6*v**2 + 3*v + 4. Let g be (0 + 10)/(6/3). Let z be a(g). What is the highest common divisor of z and o?
22
Let d = -237090 - -237096. Let v(x) = 5*x**3 - 3*x**2 + 2*x. Let u be v(3). Calculate the greatest common factor of d and u.
6
Let p = 23 + -7. Let j = -102354 - -102682. What is the greatest common factor of j and p?
8
Suppose -89*i + 9929 = -5557. What is the highest common divisor of i and 4437?
87
Suppose -13*g + 7*g + 589546 - 227158 = 0. What is the highest common factor of 101 and g?
101
Let h = 40 - 211. Let k be 19 - ((-6)/33 - h/33). Calculate the greatest common factor of k and 21.
7
Suppose 120 = 4*o + 126 - 590. Calculate the greatest common divisor of 8614 and o.
146
Suppose -3*l + 74 = t, -28*t - 88 = -4*l - 24*t. What is the highest common divisor of 1960 and l?
8
Suppose 33 = -2*b + 103. Let x = 9 + b. Suppose 4*o = x + 176. What is the greatest common divisor of o and 5?
5
Suppose 4*p = -5*o - 78 + 313, -2*o + 298 = 5*p. What is the highest common factor of p and 255?
15
Suppose -63*v - 24855 = 3684. Let i = 471 + v. Calculate the greatest common divisor of 72 and i.
18
Let l be (1506/(-8))/(27/(-36)). Let k = 278 - l. What is the greatest common divisor of 6 and k?
3
Let c(h) = -h**2 - 20*h - 5. Let l be c(-19). Calculate the greatest common divisor of l and 4354.
14
Let a be -1 + 403 - (-12 + -8 + 15). Let y be (45 + -46)/(0 - (-1)/(-11